n, -3*l = 5*q + 410. Let c = 373 + q. Is c composite?
True
Let r(f) = f**2 - 12 + 8 - 3*f - 4*f. Let n be r(7). Is (-211)/((-1 + n)/5) a composite number?
False
Let p be 0 + 4*(-3)/(-4). Suppose -l - w = -17, 5*l + 0*w - 87 = -p*w. Let r(y) = y**2 + 24*y - 23. Is r(l) composite?
False
Let z = -419 - -2055. Suppose z + 1941 = 7*h. Is h a composite number?
True
Let j(u) = 2*u**3 + 170*u**2 + 196*u - 379. Is j(-80) a prime number?
False
Suppose 31867 = o - r, 12*r - 9*r = -o + 31867. Is o a composite number?
True
Suppose 3*z = 5*i - 91490, 3*i - 76*z + 79*z - 54918 = 0. Is i a composite number?
False
Let p = 45738 - -538828. Is p a composite number?
True
Let h(f) = -f + 15. Let t be h(0). Suppose 5*m + 11*m = m + 56790. Suppose m = t*s - 9*s. Is s a prime number?
True
Suppose 0 = -3*t + 4*g + 6902, -1684 = -2*t - 3*g + 2923. Let k = t - 444. Is k prime?
False
Let v(o) = 16*o + 642*o**2 + 12 - 7*o**2 - 2. Is v(-7) a composite number?
False
Is 480752/288*-3*-6 a prime number?
True
Suppose t + 5514 = 3*t. Suppose 4*b - 10958 - 70 = -n, -b + t = 5*n. Is b a composite number?
True
Let v(m) = 3910*m**2 + 58*m + 213. Is v(-5) a prime number?
True
Let d(y) = 2*y - 32. Let u be d(9). Is u/42 - 15944/(-6) composite?
False
Let q(n) = 2589*n**2 + n. Let p(v) = -v**3 + 9*v**2 - 16*v + 13. Let f be p(7). Let k be q(f). Suppose 5*u + 183 = k. Is u a composite number?
True
Suppose 23 = 5*g - 2. Let h(a) = -a - 1. Let l(u) = -88*u**3 - 4*u - 5. Let k(p) = g*h(p) - l(p). Is k(1) a prime number?
False
Let x(b) = 2*b + 17. Suppose 4*h + 6 = -3*t, -3*h + 12 = -3*t - 15. Let y be x(t). Suppose 2*f + 2*z - 1470 = 0, -9*z = y*f - 5*z - 3677. Is f composite?
True
Is ((-1)/3)/(350824669/(-21926541) - -16) prime?
False
Suppose 1794537 = 3*g + a, -3*g + 4*g + 2*a - 598179 = 0. Suppose g + 114194 = 53*d. Is d prime?
True
Let a = -380 - -674. Suppose -5*u = -a - 2056. Let x = -307 + u. Is x a composite number?
False
Is (-10 + 6)/(80/(-278260)) composite?
False
Let i = 7771 + -1971. Suppose -7*z = -33359 + i. Suppose s = l + 782, s + 4*l - z = -4*s. Is s prime?
False
Let f(t) = 2*t + 15. Let r be f(-6). Suppose -r*g + 2*p + 1250 = 0, 0 = p + 2*p + 3. Let d = g + -193. Is d composite?
False
Let m(o) = -21*o + 24. Let x be m(-32). Suppose 5*q - x = -121. Is q prime?
False
Let c = 1498 + 2679. Let r = 7970 - c. Is r a composite number?
False
Suppose -78*l + 25766292 + 2405904 = -34378422. Is l composite?
True
Let y be (-9*(-5)/45)/((-2)/954). Let x = y - -1220. Is x composite?
False
Suppose -2*l + 5*i = -11241, 7*i = 3*l + 5*i - 16834. Let a(o) = o**3 + o**2 + 2*o. Let c be a(0). Suppose -d - 7*d + l = c. Is d a composite number?
False
Let x be 3/18 - (-91)/(-6). Let t(n) be the second derivative of -n**5/20 - n**4/2 - 2*n**3/3 + 7*n**2 - 17*n. Is t(x) prime?
True
Let c = -389 + 448. Suppose -c*n + 61*n - 21158 = 0. Is n a composite number?
True
Let h(d) be the third derivative of 563*d**5/120 + d**4/12 + 11*d**3/6 + 19*d**2. Let x(p) be the first derivative of h(p). Is x(7) a composite number?
False
Let u be 38/4*(738 - -8). Suppose -f - u = -5*n, -2*n + f = 2*n - 5669. Is (0 + -1)/((-2)/n) a prime number?
True
Suppose 80 = -2*u + 2*s + 2*s, -3*u = 5*s + 120. Let x = 44 + u. Suppose a + 673 = x*b, -2*b + 157 = -b - 4*a. Is b prime?
False
Let u(i) be the third derivative of -i**6/120 + 7*i**5/30 + 5*i**4/8 + 13*i**3/6 - 4*i**2. Let l be u(17). Is -3*(-3)/(-9)*l a prime number?
True
Suppose 0 = -60*s + 62*s - 14. Suppose -3*y + 4117 = 5*i, -2*i - 1379 = -y - s*i. Is y a prime number?
False
Suppose 2*f + 225 = 2033. Suppose -3*u = -11*u + f. Is u a composite number?
False
Let l be 2/5 + 14/(-35). Let t(b) = -b**2 - 3*b + 392. Let s(i) = -1. Let c(d) = -2*s(d) + t(d). Is c(l) a prime number?
False
Suppose -5*m = -103 + 88. Let z be 0/m*(-2)/2. Suppose -2*q - q - 2*w = -921, z = -2*q + 3*w + 614. Is q prime?
True
Let m = -277 - -249. Is (-427256)/m - 2/14 prime?
True
Suppose 0 = -2*v + 3*a - 14891, 14*v - 13*v + 7428 = -2*a. Let l = v - -12569. Is l composite?
True
Let f = -79 + 79. Suppose f = n - 4*n + 126. Is ((-157)/(-2))/(3/n) prime?
False
Suppose -52*c = -64*c + 1322484. Is c a prime number?
False
Let t(y) = -2940*y - 19. Is t(-26) a composite number?
False
Let g = -1298 + 2276. Suppose 0 = 8*s - 11*s + n + 16, 0 = -n - 4. Suppose 0 = -s*h - 2*h + g. Is h a prime number?
True
Let a = -41 + 45. Suppose 2*d - a = 2. Suppose d*i - 288 = 93. Is i prime?
True
Let d = 14 - 3. Suppose -4*h + 20 = 0, 5*y - 3*h - 308 = 832. Is 360087/y + 2/d a prime number?
True
Suppose -1741 = -4*q + 4255. Is q a composite number?
False
Let m(c) = 346*c**3 - 2*c**2 + 11*c - 5. Is m(2) prime?
True
Let g be 28/10*(2 + 2/4). Suppose 4216 + 803 = g*c. Is c a prime number?
False
Suppose -o = -5*l - 10706, -3*o - 1098 + 33162 = 3*l. Is o composite?
False
Suppose v = -n + 586240, n - 39*v - 586243 = -37*v. Is n composite?
True
Let o be (-9329)/57*(-108)/3. Suppose -10*l + 27682 - o = 0. Is l a composite number?
False
Let q(c) = 6*c**3 + 366*c**2 + 156*c - 17. Is q(-60) a prime number?
False
Suppose -23*z = -20*z, 2*t + 4*z - 30374 = 0. Is t a composite number?
False
Let l be ((-8)/5 - -4) + (-4)/10. Let b(q) = -4 - 4 - 5*q - 3*q**l - 11 + 8*q**2. Is b(-6) composite?
False
Let j = -1899178 + 3616377. Is j a composite number?
True
Let m = 185 + -172. Suppose m*p - 6*p - 2702 = 0. Is p prime?
False
Let f(g) = -2120*g + 4031*g + 10 + 1901*g + 7. Is f(1) prime?
False
Let g be 3/12 - (-2809)/(-4). Suppose -3*p - 561 = 2*w - 2*p, -w - 5*p = 258. Let c = w - g. Is c composite?
False
Let r(y) = 1334*y - 3263. Is r(33) a composite number?
False
Suppose -16 = 4*t - 20. Let v be 1 + (-8)/7 + 2480/112. Is (-6)/33 - t/(v/(-774)) prime?
False
Let f = -310 - -1724. Let t = 47 - -118. Let v = f - t. Is v prime?
True
Let j be -7*(-4 + (-200)/(-35)). Is ((-2553)/j - 3)/((-2)/(-16)) prime?
False
Suppose 277784 = 18*s + 80270. Is s a prime number?
True
Suppose -m - 55760 = -3*w, 5*w - 55795 = 2*w - 4*m. Is w prime?
False
Suppose 5*n + 18 = t, -2*n - 2*n - 48 = -5*t. Suppose t*i - 7 - 65 = 0. Is -2*(i/(-12))/((-12)/(-1528)) a composite number?
False
Is -7 - (-92034 + -9) - 3 composite?
False
Let w = -345455 + 529252. Is w composite?
False
Let r(p) = -11620*p - 259. Let f(y) = -34*y - 243. Let d be f(-7). Is r(d) a prime number?
False
Suppose 0 = 13*v + 14*v - 182412. Suppose v = 4*y - 4*g, 0 = 3*y - g - 4444 - 627. Is y a prime number?
False
Suppose -4*d - 3*d = -70. Suppose 2*v = d*v - 40. Is -4 + 1*(v - -442) a prime number?
True
Suppose 7*f = 8*f - 5*q - 345302, -3*q + 1035960 = 3*f. Is f composite?
True
Let w(q) = 10 - 71*q - 47 + 12. Let s(g) = 782*g + 276. Let p(f) = -2*s(f) - 23*w(f). Is p(4) a prime number?
False
Is 12/(960275/4320630 + (-2)/9) + 7 composite?
True
Let f = -513 - -509. Is (-44456)/(-48)*-8*3/f a prime number?
True
Suppose -6*p + 42 = -30. Let n(g) = -g**3 + 10*g**2 + 2 - 15 - 5*g - 2 + 3*g**2. Is n(p) composite?
True
Let z be -2 - ((-1)/(-3))/((-4)/24). Is (z/(-2) - 1)*-4439 prime?
False
Let v(g) = -5*g + 14. Let j be v(-8). Suppose -5*i = -j + 34. Is -1*(-845 - 2 - i) a composite number?
True
Suppose -8*l - 60674 = -704938. Is l prime?
False
Let p(g) be the third derivative of g**6/60 - g**5/60 - 35*g**4/12 + 29*g**3/3 - 320*g**2. Is p(19) prime?
False
Let m(h) = 442*h - 52. Let j be m(18). Let w = j + -3121. Is w composite?
False
Is (-39)/(45/15) + 128474 composite?
False
Let h = -18745 + 13186. Let x = h + 9604. Is x a prime number?
False
Is 3/9 - (-15187200)/144 a prime number?
True
Suppose -5*n + m = -190096, -3*m = 1 - 13. Suppose -5*g + n = 5*g. Is g composite?
True
Let g = -315 - -584. Suppose 248*j - g*j = -243159. Is j a composite number?
False
Let z = -24 + 21. Is 6/(-18) - 2041/z - -3 a composite number?
False
Suppose -2739171 = -3*r + 3*t, 184*r + 3*t - 913025 = 183*r. Is r composite?
True
Let l = -136 - -124. Let i be (3 + 1)*((-16233)/l - 3). Suppose 0 = -7*r + 1440 + i. Is r composite?
False
Is -4 + ((-86474)/5)/((-50)/375) composite?
False
Suppose -6 = r, 285567 = 3*b - 0*b + 4*r. Is b a prime number?
False
Let o(x) = -19*x**3 + 10*x**2 - 33*x + 16. Let q(l) = 13*l**3 - 7*l**2 + 22*l - 11. Let r(m) = 5*o(m) + 7*q(m). Suppose 10*z + 24 + 26 = 0. Is r(z) prime?
False
Suppose -8*b - 47 = 